{"id":2,"date":"2015-02-17T08:44:10","date_gmt":"2015-02-17T07:44:10","guid":{"rendered":"http:\/\/www.xn--ernhrungsberatung-bad-harzburg-xsc.de\/wordpress\/?page_id=2"},"modified":"2024-04-22T10:24:42","modified_gmt":"2024-04-22T08:24:42","slug":"beispiel-seite","status":"publish","type":"page","link":"https:\/\/www.ern\u00e4hrungsberatung-bad-harzburg.de\/","title":{"rendered":"Startseite"},"content":{"rendered":"<div class=\"wpb-content-wrapper\"><p>[vc_row full_width=&#8220;stretch_row&#8220; disable_element=&#8220;yes&#8220; css=&#8220;.vc_custom_1713773916738{background-color: rgba(156,39,176,0.05) !important;background-position: center !important;background-repeat: no-repeat !important;background-size: cover !important;*background-color: rgb(156,39,176) !important;}&#8220;][vc_column][vc_empty_space height=&#8220;10px&#8220;][vc_empty_space height=&#8220;10px&#8220;][\/vc_column][\/vc_row][vc_row][vc_column][vc_single_image image=&#8220;304&#8243; img_size=&#8220;full&#8220; alignment=&#8220;center&#8220; css=&#8220;&#8220;][vc_column_text css=&#8220;&#8220;]<\/p>\n<h2 style=\"text-align: center;\"><span style=\"color: #339966;\"><em>&#8222;Man soll dem Leib etwas Gutes bieten,<br \/>\ndamit die Seele Lust hat darin zu wohnen&#8220; <\/em><\/span><em><br \/>\n<\/em><\/h2>\n<h5 style=\"text-align: center;\"><em>Sir <\/em>Winston Churchill<\/h5>\n<p>&nbsp;<\/p>\n<p style=\"text-align: justify;\">Dieser Satz steht f\u00fcr Genuss! Eine entspannte Einstellung zum Essen. Dieser Satz steht aber auch f\u00fcr mich! Essen ist f\u00fcr mich eines der sch\u00f6nsten Dinge auf dieser Welt. Genuss pur! Aber Essen bedeutet f\u00fcr mich noch viel mehr:<\/p>\n<p style=\"text-align: justify;\"><em>M\u00f6gliche Erhaltung der Gesundheit durch eine vollwertige Ern\u00e4hrung, Geselligkeit, Kochen f\u00fcr Familie und Freunde, Experimentieren, Wahrnehmung mit allen Sinnen aber auch gelegentlich &#8222;ungesunde&#8220; Speisen ohne schlechtes Gewissen zuzulassen.<\/em><\/p>\n<p style=\"text-align: justify;\">Viele Menschen sind sich heute gar nicht bewusst, wie sehr sie mit einer unausgewogenen Ern\u00e4hrung ihrer Gesundheit langfristig schaden k\u00f6nnen. Im allt\u00e4glichen Stress haben sie den Genuss am Essen und dessen Bedeutung verlernt. Fr\u00fchst\u00fcck f\u00e4llt aus, Kantine und Schnellimbiss ersetzen den Herd. Ern\u00e4hrungsbedingte Krankheiten sind oft die Folge.<\/p>\n<p style=\"text-align: justify;\">Ich biete Ihnen umfangreiche Hilfe, wenn Sie gerne Ihre Ern\u00e4hrungsweise umstellen m\u00f6chten. Vielleicht sind es einfach die &#8222;paar Kilos &#8220; zuviel, die Sie mit meiner Begleitung verlieren k\u00f6nnen. Vielleicht m\u00f6chten Sie sich ganz einfach ges\u00fcnder ern\u00e4hren oder sich \u00fcber spezielle Themen wie \u00a0Zusatzstoffe oder bestimmte Kostformen informieren. Gerne berate ich Sie auch bzgl. Ihrer Ern\u00e4hrung in bestimmten Lebensabschnitten wie z.B. Schwangerschaft oder Stillzeit.<\/p>\n<p>Aber nat\u00fcrlich biete ich Ihnen auch andere T\u00e4tigkeiten rund um das Thema Ern\u00e4hrung wie Vortr\u00e4ge, Fortbildungen, Kochkurse bei der VHS oder Gestaltung von Weihnachtsfeiern an<\/p>\n<p style=\"text-align: justify;\">[box type=&#8220;shadow&#8220; align=&#8220;aligncenter&#8220; class=&#8220;&#8220; width=&#8220;&#8220;]<\/p>\n<p style=\"text-align: justify;\"><img loading=\"lazy\" decoding=\"async\" class=\"alignnone size-full wp-image-336\" src=\"http:\/\/www.xn--ernhrungsberatung-bad-harzburg-xsc.de\/wordpress\/wp-content\/uploads\/2015\/08\/vegetables-790021_12802.jpg\" alt=\"\" width=\"1280\" height=\"853\" srcset=\"https:\/\/www.xn--ernhrungsberatung-bad-harzburg-xsc.de\/wordpress\/wp-content\/uploads\/2015\/08\/vegetables-790021_12802.jpg 1280w, https:\/\/www.xn--ernhrungsberatung-bad-harzburg-xsc.de\/wordpress\/wp-content\/uploads\/2015\/08\/vegetables-790021_12802-300x200.jpg 300w, https:\/\/www.xn--ernhrungsberatung-bad-harzburg-xsc.de\/wordpress\/wp-content\/uploads\/2015\/08\/vegetables-790021_12802-1024x682.jpg 1024w\" sizes=\"auto, (max-width: 1280px) 100vw, 1280px\" \/><\/p>\n<p style=\"text-align: justify;\">[\/box]<\/p>\n<p>[\/vc_column_text][\/vc_column][\/vc_row]<\/p>\n<\/div>","protected":false},"excerpt":{"rendered":"<p>[vc_column_text &#8230; <\/p>\n","protected":false},"author":1,"featured_media":0,"parent":0,"menu_order":0,"comment_status":"closed","ping_status":"closed","template":"","meta":{"footnotes":""},"class_list":["post-2","page","type-page","status-publish","hentry"],"yoast_head":"<!-- This site is optimized with the Yoast SEO plugin v27.4 - https:\/\/yoast.com\/product\/yoast-seo-wordpress\/ -->\n<title>Ern\u00e4hrungsberatung Bad Harzburg Heidi Wenzlaff<\/title>\n<meta name=\"description\" content=\"Ern\u00e4hrungsberatung in Bad Harzburg durch Heidi Wenzlaff - Gewichtscoaching, gesunde Ern\u00e4hrung, Fittness, Gesundheit \u00fcber Kochen und gesunde Nahrungsmittel\" \/>\n<meta name=\"robots\" content=\"index, follow, max-snippet:-1, max-image-preview:large, max-video-preview:-1\" \/>\n<link rel=\"canonical\" href=\"https:\/\/www.ern\u00e4hrungsberatung-bad-harzburg.de\/\" \/>\n<meta property=\"og:locale\" content=\"de_DE\" \/>\n<meta property=\"og:type\" content=\"article\" \/>\n<meta property=\"og:title\" content=\"Ern\u00e4hrungsberatung Bad Harzburg Heidi Wenzlaff\" \/>\n<meta property=\"og:description\" content=\"Ern\u00e4hrungsberatung in Bad Harzburg durch Heidi Wenzlaff - Gewichtscoaching, gesunde Ern\u00e4hrung, Fittness, Gesundheit \u00fcber Kochen und gesunde Nahrungsmittel\" \/>\n<meta property=\"og:url\" content=\"https:\/\/www.ern\u00e4hrungsberatung-bad-harzburg.de\/\" \/>\n<meta property=\"og:site_name\" content=\"Ern\u00e4hrungsberatung Bad Harzburg\" \/>\n<meta property=\"article:modified_time\" content=\"2024-04-22T08:24:42+00:00\" \/>\n<meta property=\"og:image\" content=\"http:\/\/www.xn--ernhrungsberatung-bad-harzburg-xsc.de\/wordpress\/wp-content\/uploads\/2015\/08\/vegetables-790021_12802.jpg\" \/>\n<meta name=\"twitter:label1\" content=\"Gesch\u00e4tzte Lesezeit\" \/>\n\t<meta name=\"twitter:data1\" content=\"2\u00a0Minuten\" \/>\n<script type=\"application\/ld+json\" class=\"yoast-schema-graph\">{\"@context\":\"https:\\\/\\\/schema.org\",\"@graph\":[{\"@type\":\"WebPage\",\"@id\":\"https:\\\/\\\/www.ern\u00e4hrungsberatung-bad-harzburg.de\\\/\",\"url\":\"https:\\\/\\\/www.ern\u00e4hrungsberatung-bad-harzburg.de\\\/\",\"name\":\"Ern\u00e4hrungsberatung Bad Harzburg Heidi Wenzlaff\",\"isPartOf\":{\"@id\":\"https:\\\/\\\/www.ern\u00e4hrungsberatung-bad-harzburg.de\\\/#website\"},\"primaryImageOfPage\":{\"@id\":\"https:\\\/\\\/www.ern\u00e4hrungsberatung-bad-harzburg.de\\\/#primaryimage\"},\"image\":{\"@id\":\"https:\\\/\\\/www.ern\u00e4hrungsberatung-bad-harzburg.de\\\/#primaryimage\"},\"thumbnailUrl\":\"http:\\\/\\\/www.xn--ernhrungsberatung-bad-harzburg-xsc.de\\\/wordpress\\\/wp-content\\\/uploads\\\/2015\\\/08\\\/vegetables-790021_12802.jpg\",\"datePublished\":\"2015-02-17T07:44:10+00:00\",\"dateModified\":\"2024-04-22T08:24:42+00:00\",\"description\":\"Ern\u00e4hrungsberatung in Bad Harzburg durch Heidi Wenzlaff - Gewichtscoaching, gesunde Ern\u00e4hrung, Fittness, Gesundheit \u00fcber Kochen und gesunde Nahrungsmittel\",\"breadcrumb\":{\"@id\":\"https:\\\/\\\/www.ern\u00e4hrungsberatung-bad-harzburg.de\\\/#breadcrumb\"},\"inLanguage\":\"de\",\"potentialAction\":[{\"@type\":\"ReadAction\",\"target\":[\"https:\\\/\\\/www.ern\u00e4hrungsberatung-bad-harzburg.de\\\/\"]}]},{\"@type\":\"ImageObject\",\"inLanguage\":\"de\",\"@id\":\"https:\\\/\\\/www.ern\u00e4hrungsberatung-bad-harzburg.de\\\/#primaryimage\",\"url\":\"http:\\\/\\\/www.xn--ernhrungsberatung-bad-harzburg-xsc.de\\\/wordpress\\\/wp-content\\\/uploads\\\/2015\\\/08\\\/vegetables-790021_12802.jpg\",\"contentUrl\":\"http:\\\/\\\/www.xn--ernhrungsberatung-bad-harzburg-xsc.de\\\/wordpress\\\/wp-content\\\/uploads\\\/2015\\\/08\\\/vegetables-790021_12802.jpg\"},{\"@type\":\"BreadcrumbList\",\"@id\":\"https:\\\/\\\/www.ern\u00e4hrungsberatung-bad-harzburg.de\\\/#breadcrumb\",\"itemListElement\":[{\"@type\":\"ListItem\",\"position\":1,\"name\":\"Home\",\"item\":\"https:\\\/\\\/www.ern\u00e4hrungsberatung-bad-harzburg.de\\\/\"},{\"@type\":\"ListItem\",\"position\":2,\"name\":\"Startseite\"}]},{\"@type\":\"WebSite\",\"@id\":\"https:\\\/\\\/www.ern\u00e4hrungsberatung-bad-harzburg.de\\\/#website\",\"url\":\"https:\\\/\\\/www.ern\u00e4hrungsberatung-bad-harzburg.de\\\/\",\"name\":\"Ern\u00e4hrungsberatung Bad Harzburg\",\"description\":\"Ern\u00e4hrungsberatung, Gewichtscoach, Gesunde Ern\u00e4hrung, Bad Harzburg\",\"potentialAction\":[{\"@type\":\"SearchAction\",\"target\":{\"@type\":\"EntryPoint\",\"urlTemplate\":\"https:\\\/\\\/www.ern\u00e4hrungsberatung-bad-harzburg.de\\\/?s={search_term_string}\"},\"query-input\":{\"@type\":\"PropertyValueSpecification\",\"valueRequired\":true,\"valueName\":\"search_term_string\"}}],\"inLanguage\":\"de\"}]}<\/script>\n<!-- \/ Yoast SEO plugin. -->","yoast_head_json":{"title":"Ern\u00e4hrungsberatung Bad Harzburg Heidi Wenzlaff","description":"Ern\u00e4hrungsberatung in Bad Harzburg durch Heidi Wenzlaff - Gewichtscoaching, gesunde Ern\u00e4hrung, Fittness, Gesundheit \u00fcber Kochen und gesunde Nahrungsmittel","robots":{"index":"index","follow":"follow","max-snippet":"max-snippet:-1","max-image-preview":"max-image-preview:large","max-video-preview":"max-video-preview:-1"},"canonical":"https:\/\/www.ern\u00e4hrungsberatung-bad-harzburg.de\/","og_locale":"de_DE","og_type":"article","og_title":"Ern\u00e4hrungsberatung Bad Harzburg Heidi Wenzlaff","og_description":"Ern\u00e4hrungsberatung in Bad Harzburg durch Heidi Wenzlaff - Gewichtscoaching, gesunde Ern\u00e4hrung, Fittness, Gesundheit \u00fcber Kochen und gesunde Nahrungsmittel","og_url":"https:\/\/www.ern\u00e4hrungsberatung-bad-harzburg.de\/","og_site_name":"Ern\u00e4hrungsberatung Bad Harzburg","article_modified_time":"2024-04-22T08:24:42+00:00","og_image":[{"url":"http:\/\/www.xn--ernhrungsberatung-bad-harzburg-xsc.de\/wordpress\/wp-content\/uploads\/2015\/08\/vegetables-790021_12802.jpg","type":"","width":"","height":""}],"twitter_misc":{"Gesch\u00e4tzte Lesezeit":"2\u00a0Minuten"},"schema":{"@context":"https:\/\/schema.org","@graph":[{"@type":"WebPage","@id":"https:\/\/www.ern\u00e4hrungsberatung-bad-harzburg.de\/","url":"https:\/\/www.ern\u00e4hrungsberatung-bad-harzburg.de\/","name":"Ern\u00e4hrungsberatung Bad Harzburg Heidi Wenzlaff","isPartOf":{"@id":"https:\/\/www.ern\u00e4hrungsberatung-bad-harzburg.de\/#website"},"primaryImageOfPage":{"@id":"https:\/\/www.ern\u00e4hrungsberatung-bad-harzburg.de\/#primaryimage"},"image":{"@id":"https:\/\/www.ern\u00e4hrungsberatung-bad-harzburg.de\/#primaryimage"},"thumbnailUrl":"http:\/\/www.xn--ernhrungsberatung-bad-harzburg-xsc.de\/wordpress\/wp-content\/uploads\/2015\/08\/vegetables-790021_12802.jpg","datePublished":"2015-02-17T07:44:10+00:00","dateModified":"2024-04-22T08:24:42+00:00","description":"Ern\u00e4hrungsberatung in Bad Harzburg durch Heidi Wenzlaff - Gewichtscoaching, gesunde Ern\u00e4hrung, Fittness, Gesundheit \u00fcber Kochen und gesunde Nahrungsmittel","breadcrumb":{"@id":"https:\/\/www.ern\u00e4hrungsberatung-bad-harzburg.de\/#breadcrumb"},"inLanguage":"de","potentialAction":[{"@type":"ReadAction","target":["https:\/\/www.ern\u00e4hrungsberatung-bad-harzburg.de\/"]}]},{"@type":"ImageObject","inLanguage":"de","@id":"https:\/\/www.ern\u00e4hrungsberatung-bad-harzburg.de\/#primaryimage","url":"http:\/\/www.xn--ernhrungsberatung-bad-harzburg-xsc.de\/wordpress\/wp-content\/uploads\/2015\/08\/vegetables-790021_12802.jpg","contentUrl":"http:\/\/www.xn--ernhrungsberatung-bad-harzburg-xsc.de\/wordpress\/wp-content\/uploads\/2015\/08\/vegetables-790021_12802.jpg"},{"@type":"BreadcrumbList","@id":"https:\/\/www.ern\u00e4hrungsberatung-bad-harzburg.de\/#breadcrumb","itemListElement":[{"@type":"ListItem","position":1,"name":"Home","item":"https:\/\/www.ern\u00e4hrungsberatung-bad-harzburg.de\/"},{"@type":"ListItem","position":2,"name":"Startseite"}]},{"@type":"WebSite","@id":"https:\/\/www.ern\u00e4hrungsberatung-bad-harzburg.de\/#website","url":"https:\/\/www.ern\u00e4hrungsberatung-bad-harzburg.de\/","name":"Ern\u00e4hrungsberatung Bad Harzburg","description":"Ern\u00e4hrungsberatung, Gewichtscoach, Gesunde Ern\u00e4hrung, Bad Harzburg","potentialAction":[{"@type":"SearchAction","target":{"@type":"EntryPoint","urlTemplate":"https:\/\/www.ern\u00e4hrungsberatung-bad-harzburg.de\/?s={search_term_string}"},"query-input":{"@type":"PropertyValueSpecification","valueRequired":true,"valueName":"search_term_string"}}],"inLanguage":"de"}]}},"_links":{"self":[{"href":"https:\/\/www.ern\u00e4hrungsberatung-bad-harzburg.de\/index.php?rest_route=\/wp\/v2\/pages\/2","targetHints":{"allow":["GET"]}}],"collection":[{"href":"https:\/\/www.ern\u00e4hrungsberatung-bad-harzburg.de\/index.php?rest_route=\/wp\/v2\/pages"}],"about":[{"href":"https:\/\/www.ern\u00e4hrungsberatung-bad-harzburg.de\/index.php?rest_route=\/wp\/v2\/types\/page"}],"author":[{"embeddable":true,"href":"https:\/\/www.ern\u00e4hrungsberatung-bad-harzburg.de\/index.php?rest_route=\/wp\/v2\/users\/1"}],"replies":[{"embeddable":true,"href":"https:\/\/www.ern\u00e4hrungsberatung-bad-harzburg.de\/index.php?rest_route=%2Fwp%2Fv2%2Fcomments&post=2"}],"version-history":[{"count":37,"href":"https:\/\/www.ern\u00e4hrungsberatung-bad-harzburg.de\/index.php?rest_route=\/wp\/v2\/pages\/2\/revisions"}],"predecessor-version":[{"id":588,"href":"https:\/\/www.ern\u00e4hrungsberatung-bad-harzburg.de\/index.php?rest_route=\/wp\/v2\/pages\/2\/revisions\/588"}],"wp:attachment":[{"href":"https:\/\/www.ern\u00e4hrungsberatung-bad-harzburg.de\/index.php?rest_route=%2Fwp%2Fv2%2Fmedia&parent=2"}],"curies":[{"name":"wp","href":"https:\/\/api.w.org\/{rel}","templated":true}]}}